0
-896 (base 13) to base 3
-2000122
What is -83e (base 16) in base 6?
-13434
1366 (base 11) to base 13
a5b
-2337 (base 8) to base 16
-4df
Convert -2022 (base 3) to base 5.
-222
-1674 (base 9) to base 13
-778
What is a8 (base 15) in base 3?
12212
What is -3535 (base 9) in base 5?
-40444
What is 7553 (base 9) in base 8?
12664
Convert -822 (base 12) to base 6.
-5242
Convert 359 (base 16) to base 12.
5b5
Convert 140165 (base 8) to base 15.
e8e9
610 (base 11) to base 5
10422
102320321 (base 4) to base 15
17dce
Convert -110102 (base 4) to base 13.
-78b
Convert -1147 (base 8) to base 14.
-31d
What is 1010011011101 (base 2) in base 15?
18b1
Convert 2238 (base 16) to base 11.
6644
Convert 9ff (base 16) to base 6.
15503
What is -14252 (base 7) in base 11?
-2a33
What is 2417 (base 8) in base 5?
20140
-10992 (base 13) to base 5
-1431301
-230420 (base 5) to base 15
-2690
Convert a1 (base 15) to base 4.
2113
Convert -5362 (base 12) to base 3.
-110112202
-5015 (base 6) to base 3
-1111102
Convert -4013 (base 5) to base 10.
-508
What is 111010010 (base 2) in base 6?
2054
-56 (base 8) to base 6
-114
-32665 (base 8) to base 10
-13749
353 (base 7) to base 16
b9
-11112 (base 4) to base 5
-2332
Convert -667b (base 13) to base 5.
-424143
-10100010 (base 2) to base 6
-430
-400 (base 5) to base 14
-72
Convert 23320 (base 4) to base 14.
3c4
Convert 32452 (base 6) to base 10.
4496
-1133 (base 11) to base 13
-8a6
Convert -23116 (base 9) to base 5.
-443110
Convert -737 (base 15) to base 14.
-843
What is -35251 (base 6) in base 5?
-130241
1277b (base 12) to base 13
b68a
What is 11011111111 (base 2) in base 9?
2410
What is 7202 (base 8) in base 16?
e82
What is 4113 (base 5) in base 6?
2245
What is -19a8 (base 15) in base 7?
-22130
What is -140 (base 5) in base 6?
-113
-20215 (base 8) to base 15
-2708
Convert -3242 (base 7) to base 11.
-962
402 (base 5) to base 13
7b
What is -11656 (base 7) in base 16?
-c07
What is -111233 (base 4) in base 5?
-21031
9d (base 14) to base 7
256
Convert -726 (base 14) to base 8.
-2576
Convert -2aa8 (base 13) to base 16.
-184e
Convert 14260 (base 8) to base 16.
18b0
What is -1a1a (base 12) in base 4?
-301312
What is 10100102 (base 3) in base 16?
989
10350 (base 6) to base 10
1434
1aa (base 12) to base 11
22a
Convert -13563 (base 12) to base 3.
-1100122110
Convert 3b9b (base 15) to base 14.
4906
Convert -3471 (base 9) to base 11.
-1a31
-12321301 (base 4) to base 8
-67161
Convert 5314 (base 12) to base 11.
6912
What is 131530 (base 7) in base 13?
b28a
-126a (base 15) to base 10
-3925
Convert -447 (base 13) to base 6.
-3223
What is -1220 (base 9) in base 10?
-909
What is 53654 (base 7) in base 15?
3e62
Convert 342420 (base 5) to base 13.
5752
Convert 30775 (base 9) to base 15.
6048
Convert 1133131 (base 4) to base 16.
17dd
164 (base 14) to base 10
284
24161 (base 8) to base 2
10100001110001
Convert 28a66 (base 11) to base 2.
1010000011111100
What is 2155 (base 9) in base 8?
3065
Convert 1001111101010 (base 2) to base 10.
5098
What is 5760 (base 9) in base 14?
17aa
Convert -415 (base 11) to base 9.
-615
5a5 (base 16) to base 13
872
-2203244 (base 5) to base 15
-b39e
What is 11001110010100 (base 2) in base 4?
3032110
Convert -40 (base 10) to base 11.
-37
-24343 (base 11) to base 10
-35016
Convert 7625 (base 12) to base 13.
5bb2
What is -9c9 (base 13) in base 3?
-2022110
Convert -110 (base 14) to base 3.
-21210
20393 (base 11) to base 7
152504
What is 111010111000 (base 2) in base 9?
5146
-1116 (base 10) to base 8
-2134
Convert -372a (base 12) to base 10.
-6226
Convert 138 (base 11) to base 6.
430
What is -224 (base 6) in base 7?
-154
455 (base 9) to base 8
566
-10101100100110 (base 2) to base 11
-8332
Convert 4335 (base 8) to base 3.
10010001
Convert -199 (base 15) to base 11.
-306
What is 2212331 (base 4) in base 10?
10685
Convert 103234 (base 5) to base 14.
142d
204304 (base 5) to base 4
1222231
-257 (base 10) to base 2
-100000001
Convert 507b (base 13) to base 12.
64bb
What is 2505 (base 8) in base 7?
3635
What is -31303 (base 4) in base 3?
-1012201
Convert 4 (base 13) to base 4.
10
What is c494 (base 14) in base 11?
23476
-764 (base 12) to base 3
-1111011
What is 1620 (base 7) in base 6?
3003
Convert 3621 (base 9) to base 12.
1684
Convert -1003 (base 12) to base 4.
-123003
c371 (base 14) to base 12
17553
What is -7999 (base 16) in base 13?
-11227
What is 24342 (base 5) in base 14?
95d
Convert -1182 (base 12) to base 5.
-30340
Convert -53 (base 16) to base 4.
-1103
300030 (base 4) to base 10
3084
-1fe4 (base 16) to base 7
-32542
-4112 (base 8) to base 11
-165a
Convert 5d3b (base 14) to base 3.
211101111
What is 1001112120 (base 3) in base 7?
114441
What is 2951 (base 12) in base 15?
165d
What is -2033013 (base 4) in base 6?
-110223
21016 (base 7) to base 13
246a
What is -5727 (base 9) in base 11?
-3202
Convert -1761 (base 10) to base 15.
-7c6
-212313 (base 4) to base 15
-b0c
What is -757 (base 8) in base 9?
-610
3457 (base 13) to base 7
30253
Convert -14756 (base 8) to base 15.
-1e78
Convert -845a (base 11) to base 7.
-44434
What is -50462 (base 9) in base 8?
-100641
4a01 (base 16) to base 12
ab69
Convert -141 (base 12) to base 10.
-193
5255 (base 7) to base 12
10a5
Convert -164 (base 14) to base 5.
-2114
Convert 1101110001 (base 2) to base 8.
1561
What is 48b (base 14) in base 13?
54a
110001110100 (base 2) to base 6
22432
-252401 (base 7) to base 12
-22ab2
What is -78b (base 15) in base 7?
-4655
What is 4b03 (base 15) in base 2?
11111001101010
What is 1101121 (base 3) in base 13?
601
Convert -3210 (base 5) to base 8.
-656
Convert -426 (base 10) to base 14.
-226
155b9 (base 13) to base 8
117137
Convert 6887 (base 11) to base 7.
35245
Convert 14012 (base 5) to base 16.
46c
Convert -41a (base 16) to base 10.
-1050
Convert -4441 (base 6) to base 11.
-85a
-111001110 (base 2) to base 7
-1230
24254 (base 6) to base 15
10c7
Convert 464 (base 13) to base 11.
62a
Convert 168b9 (base 12) to base 14.
bb41
Convert -18a5 (base 15) to base 11.
-4006
Convert -11574 (base 10) to base 13.
-5364
Convert 23320 (base 4) to base 10.
760
Convert -2535 (base 6) to base 10.
-635
409 (base 16) to base 15
48d
-1268 (base 9) to base 15
-438
What is -8109 (base 16) in base 9?
-50273
What is -397 (base 15) in base 13?
-4ab
Convert 6a (base 15) to base 9.
121
Convert 363 (base 9) to base 10.
300
Convert -21212 (base 4) to base 2.
-1001100110
Convert -206 (base 7) to base 4.
-1220
-130724 (base 8) to base 14
-1283a
What is -2213 (base 4) in base 2?
-10100111
747 (base 9) to base 3
211121
Convert 2027 (base 8) to base 12.
733
Convert -87a2 (base 14) to base 5.
-1222331
15511 (base 6) to base 3
10111221
What is -2544 (base 6) in base 13?
-3a3
-3757 (base 9) to base 11
-2121
Convert b18 (base 12) to base 7.
4451
Convert 8402 (base 10) to base 5.
232102
-302 (base 15) to base 12
-485
Convert -60b (base 15) to base 2.
-10101010001
b1 (base 14) to base 16
9b
18b6 (base 12) to base 15
d63
What is -1200000020 (base 3) in base 14?
-bd59
2a70 (base 11) to base 15
1284
What is -11330 (base 4) in base 13?
-233
What is -414 (base 8) in base 6?
-1124
Convert 3502 (base 10) to base 7.
13132
What is 1814 (base 16) in base 2?
1100000010100
-353b (base 12) to base 2
-1011100111111
Convert -2745 (base 11) to base 12.
-2086
Convert -1619 (base 12) to base 16.
-a35
What is -11110011 (base 2) in base 11?
-201
What is -d2a (base 16) in base 8?
-6452
-1ab (base 15) to base 3
-112022
Convert -14541 (base 6) to base 13.
-10cc
Convert -210021210 (base 3) to base 12.
-8b93
-46212 (base 8) to base 2
-100110010001010
-3726 (base 13) to base 2
-1111001111110
-453024 (base 6) to base 2
-1001010101101000
91 (base 13) to base 9
141
Convert -1201221012 (base 3) to base 13.
-1275b
-574 (base 10) to base 11
-482
What is 1a1 (base 14) in base 10?
337
-a56 (base 16) to base 9
-3560
Convert 17de (base 15) to base 9.
7062
What is c94 (base 15) in base 14?
106b
Convert -431 (base 7) to base 2.
-11011010
Convert 75a (base 13) to base 2.
10011101010
Convert 101211 (base 3) to base 15.
147
Convert 528 (base 9) to base 4.
12233
3443 (base 11) to base 3
20012120
Convert -1a71 (base 11) to base 14.
-d51
What is -2566 (base 7) in base 10?
-979
What is 615 (base 13) in base 16?
408
What is -334 (base 5) in base 10?
-94
Co